15 - -2) - 6) + -10).
-21
(-19 - (-15 - (7 - 5))) + 21
19
What is (-298 - -283) + (28 - 1) - 16?
-4
What is the value of -1 + -32 + -2879 + 2906 + (-3 - -3) + 12?
6
What is (-4 - (10 + -15)) + 1 + -12 + (25 - -90)?
105
(136 - 100) + (-13 - (19 - -136))
-132
8 - (13 - (-4 - 10) - (9 + -2))
-12
Calculate (35 - (14 - (-1 - -1))) + -10 - (-2 + 3).
10
-377 + 117 + 250 - (1 + (-96 - -1) - 2)
86
Evaluate (-10 - (-16 + -36)) + (0 + 0 + 9 - 1).
50
Calculate 97 - 121 - (13 + -8).
-29
-53 + 5 + -27 + (24 - -22)
-29
Calculate -2 + (32 - 41) - (2 + 26).
-39
(3 + -14 - (22 - 20)) + (0 - 6) + 6
-13
What is the value of 35 - ((10 - (-10 + 6)) + -22)?
43
What is the value of 1995 + -2031 + 57 + -2?
19
What is the value of (-15 + 8 - -4) + 135 + -23 + -4 + -1?
104
What is the value of -1 - -8 - -23 - (-5 - (-16 + -4))?
15
67 + -83 + (2 - 1 - (-5 + 1))
-11
What is -3 + (-4 + 6 + -1 + -16 - -2)?
-16
Evaluate -7 + 146 - (-871 - -1082).
-72
Evaluate 119 + -110 + -32 + 1 + -32.
-54
What is (15 - (-1 + -5 + -12) - (-2 + 10)) + -2?
23
What is the value of -73 + (102 + -85 - -14)?
-42
What is the value of 0 - 3 - (4 + (-187 - -56))?
124
Calculate (-4 - -16 - 3) + (121 - 20) - (24 - 15).
101
What is the value of 97 + -18 + -89 + (1 - -54)?
45
Evaluate -133 - ((-86 - -22) + -6).
-63
What is -59 - (-60 - (12 + -15 - 16))?
-18
17 + 25 + -21 - 18
3
Calculate (5 + -6 - (1 - 0)) + (433 - 393).
38
46 + -54 + 7 + 58
57
What is -10 + (11 - 63) + 17?
-45
What is the value of 87 + (-29 - 70) - (1 + -51 + (0 - 3))?
41
What is 43 - (-9 - -14) - 1?
37
(27 + (-6 - 2) - 13) + -27
-21
Calculate 20 + (-33 - -34) - (49 + 0).
-28
What is (-22 - (72 - 106)) + (-33 - (-4 + 5))?
-22
-20 + 8 + (-9 - (9 + -21)) - 20
-29
What is the value of 1 - ((124 - 57) + -18)?
-48
Evaluate -61 - (3 - 19) - (6 - 0 - -1 - 6).
-46
What is -11 + -49 + 57 + -1 + (4 - 5)?
-5
Evaluate 1180 - 1108 - (0 - (-11 - (0 - 1))) - 10.
52
Evaluate 0 + -3 + (9 - (-1 - -15) - -30).
22
Calculate 7 + (8 - (6 + 1) - 10) - 1.
-3
What is the value of (-70 - (-87 - -9)) + (3 - 75)?
-64
Evaluate -1596 + 1602 - (-2 - (2 - 5 - 21)).
-16
Calculate -2324 + 2291 - (-69 - -4).
32
Evaluate 66 + -208 + 47 - -30.
-65
Calculate (-417 - -406) + (-1 - -1) + 18.
7
Calculate 115 + (-30 - 79 - -26) + 36.
68
(14 - 3) + (63 - (136 + 31))
-93
What is the value of -214 + 208 + 37 + (-1 + 0 - -4) + 1?
35
What is -11 + -21 + (43 - 17) + -2 + (0 - 7)?
-15
Evaluate -3 + -3 + -3 + -49 + -17 + 21.
-54
What is the value of -1 + (-1 + 5 - (-21 - -29) - -3) - -59?
57
What is (-136 + -20 + 29 - -24) + 18 + -2 + 13?
-74
Evaluate 13 + (-1 - (-4 - (-8 - 0))) - (47 - 6).
-33
What is the value of (1 - 16) + 101 + -16 + -14 + 15?
71
1 + (1 - 10) + 10 + (0 - 5) + -38
-41
Evaluate 1 + 13 + 5 + -7 - 12 - (1 - -13).
-14
What is the value of -1 - 3 - (-29 - (23 - 20)) - -14?
42
Evaluate 105 + (32 - 85) - 87.
-35
What is the value of -29 - (8 + -29 - -30 - (-1 + -1 - -2))?
-38
What is the value of 0 + (-1 - 4) - 28 - (21 + -18)?
-36
Calculate (-2 - 10) + (-48 - -21) + 27 - -12.
0
What is -58 + (-8 - -1 - (77 - (111 + -8)))?
-39
What is the value of -2 - (40 + -10 + -6 - -2)?
-28
-18 + (-1 - (-9 + 17)) + 60
33
(9 - 23 - (17 - 53)) + -2
20
What is -61 + (2 - -2) + 22 + -19 + -6 - 8?
-68
What is the value of 14 - (6 + 5) - -1 - 43 - -3?
-36
What is the value of 48 + ((25 - 37) + 7 - (4 - (-4 - -15)))?
50
What is -13 - (14 + 27) - -36?
-18
Evaluate 9 + (21 + -16 - (2 - -54)) + (6 - 5).
-41
What is 40 - (-8 - (11 - -2) - -9 - -17)?
35
What is -1 - (-15 - (-15 + 4) - 20 - 6)?
29
What is 94 + (-1 - -4) + (140 - 24) + -125?
88
Calculate -2 + (23 - 2 - (93 + (53 - -10))).
-137
Evaluate 98 - (19 - 19 - (-45 + 14)).
67
What is the value of 1 + 1 - (-76 - -71) - (-28 - (11 + -4))?
42
Calculate -26 + (44 - -2 - -18).
38
Calculate (-102 - -79) + -56 - -90.
11
13 + -7 + (40 - 79)
-33
What is -12 - (11 + -7 - -8 - (33 - -5))?
14
What is -706 + 691 - (8 + -87 - (0 - -1))?
65
Evaluate 1647 - 1653 - (0 - 24).
18
Calculate 1 + -3 - (28 + 18) - (19 + -28 + 1).
-40
What is ((-11 - -3) + 4 - 0 - -22) + (-12 - -5)?
11
What is the value of -127 + 82 + (12 - 43)?
-76
Evaluate (-15 - (-1 + (-28 - -14) - -30 - 38)) + 9.
17
Calculate -221 + 190 - (0 + -18 + 0).
-13
Evaluate 38 - (1106 + -1092 + (1 - (2 + -4))).
21
What is -100 - (30 - (57 + 54))?
-19
Evaluate (-106 - (-2 - 121)) + 1 + (6 - 3) + 11.
32
What is 14 + -3 + -28 - (-6 - (-3 - 94))?
-108
What is (5 - ((-6 - -7) + 1)) + -5 + 37?
35
Calculate 25 + 12 - (-9 - (-20 + 6 + 11 + -18)).
25
Evaluate -3 - (-1 + -2) - (-396 - -415).
-19
3 + (-55 - -2) + (42 - (55 - 17))
-46
-253 - (95 + -250) - -202
104
What is -25 - (-10 + -40 + 31) - ((3 - 2) + 21)?
-28
Calculate 55 - (-47 + 15) - 117.
-30
Calculate (-2 + -76 - (-27 - -21 - -15)) + 10.
-77
50 + (-80 - -66 - -33)
69
What is (-18 - (-38 + 13)) + -4 - (94 - 0)?
-91
-14 + -2 + 12 + -21 + (10 - (-8 - -10))
-17
Calculate -29 + 21 + 2 + -9 + 8 + (-23 - 54).
-84
22 + (-4 - (-36 - -69))
-15
-50 - (-19 - (7 + 24)) - 72
-72
What is the value of -34 + 48 + -47 + (-17 - 0) + 15?
-35
36 + -31 + (23 + -14 - (-2 + 0 + 12))
4
What is (102 - 351) + 161 - (1 - 13)?
-76
Evaluate 12 + -2 + (-44 - (-62 + 34)).
-6
Evaluate -18 + 20 + -1 - 25.
-24
Evaluate -35 + -2 + 0 + -7716 + 7842.
89
Calculate -7 - 0 - (9 + (-19 - -24) + 24).
-45
Calculate (5 - 63 - 5) + -45 + 47 - (9 - 17).
-53
Evaluate -37 + -89 + 113 + (-1 + -4 - -3).
-15
What is 2778 + -2656 + 2 + -97?
27
Calculate (-504 - -498) + (-2 - -5) + 18.
15
(3 - -21 - (15 + 1)) + -27 + -5
-24
-160 - -50 - -50 - (-3 + -1 + (0 - 1))
-55
Evaluate 1 + 7 - (-78 + 141 + (2 - 1)).
-56
Calculate (69 - -4 - (12 + 17 + -12 + -26)) + -6.
76
Evaluate 3 - (-54 + 16 + 29 + (0 + 56 - 2)).
-42
What is 13 - (-7 - ((1 - -2) + 17 + (46 - -14)))?
100
Evaluate -53 - (10 + (8 - 9) + -14 - -2 - -2).
-52
Evaluate -12 - (-43 - (-36 - (-47 + 99))).
-57
What is the value of 0 - (-6 + -1) - (-1 - 9 - 22 - -27)?
12
What is the value of 2746 + -2731 + (8 - 0) + (0 - (-3 + 5))?
21
What is -3 + 1 + ((-32 - -3) + 23 - (0 + 58))?
-66
Calculate (7110 - 7260) + -1 + 45.
-106
What is (101 - (26 + 46)) + (-2 - (-4 - 3))?
34
What is (206 - 205) + -1 + 50 + 8 + -5?
53
Calculate (-1 - 6) + -2 - (-38 - 3 - (-33 + -5)).
-6
Calculate 3 + (-15 - -62 - 26).
24
What is 15 - (32 - 61 - 4 - -32)?
16
Evaluate (-208 - -210) + 4 + (-4 + 3 - 50).
-45
Calculate (-13 - (26 + 5 + -26)) + 4.
-14
What is the value of 142 + 1 + -11 + (-571 - -581)?
142
What is the value of -6 + 2 + (20 - (31 + -5 - (151 + -22)))?
119
Evaluate -1 + 4 - -2 - ((-1 - 57) + 87).
-24
Evaluate 9 - (-3 + 36 + (-21 - 1)).
-2
Calculate -101 + 40 + -8 + -18 - -24.
-63
-7 - -49 - 17 - 83
-58
Evaluate (-22 + 2 + 36 - 0) + -133.
-117
What is the value of 1 + (0 - 3 - 7) - (-11 + 66 + -57)?
-7
Evaluate (101 - 100) + (-2 - (11 + -7 - -10)).
-15
Calculate -2 - 45 - (55 + -52).
-50
6 + 50 - (-181 - -181) - (0 + -1 + 0)
57
What is the value of -117 + (55 - (70 + -120))?
-12
Calculate 1 + 19 + (10 - 28) + (0 - (1 + 2)).
-1
What is the value of (31 - (56 - 37)) + (-137 - 1) - (1 + -14)?
-113
Calculate -14 - -7 - ((10 - (5 + 13)) + (-1 - 0)).
2
-1930 + 1915 - (-2 + -24)
11
What is -13 - ((-15 - -32 - (2 - -7)) + -4)?
-17
What is 107 - (15 - (-16 - (-4 - -9 - 18)))?
89
Evaluate (-1 - (-3 + 11)) + 446 + -457.
-20
What is the value of 20 + -14 + 14 - 0 - -19?
39
10 + (9 + (-16 - (-6 + 1)) - -11) - 2
17
What is (-79 - -166) + -71 - (16 - (-1 + 0))?
-1
What is the value of 41 + 1 + -1 + -3 + -8 + -5?
25
What is 29 + (-133 - -93) + -26?
-37
Evaluate -88 + 11 + (-96 - -100 - (-13 - 2) - 16).
-74
What is (-1 - -2) + -1 - -59 - (-1047 + 1043) - -1?
64
1 + -5 + 20 + -12 + (-28 - 23)
-47
What is the value of (54 - 10 - 40) + -18?
-14
Evaluate 0 + 85 + 72 + -61 + -31.
65
Calculate 0 + (1 - 15) + (144 - 125 - 96).
-91
What is -33 + 8 + (-23 - (-22 + 32))?
-58
Evaluate (2 - 1) + 1479 + -1508.
-28
Calculate (4 + -23 - -27) + (-5 - 0) + (-15 - -23).
11
What is the value of 65 - -5 - 76 - 10?
-16
What is 41 + (-62 - -11 - -26 - 2)?
14
What is 60 + 6 + (-68 - -22)?
20
Calculate -129 - -9 - (-372 - -260).
-8
Evaluate -9 + (-27 - -57) - (60 - 3).
-36
22 + -8 - (-7 + (-61 - 3)) - (-12 - -3)
94
Calculate -89 - -2 - -9 - -6 - (-16 - -5 - -8).
-69
What is (28 + -57 + 49 - 65) + 14 + -2?
-